{"id":326,"date":"2019-06-10T12:49:20","date_gmt":"2019-06-10T10:49:20","guid":{"rendered":"http:\/\/xn--constellationsfamilialesetsystmiquesmcgamper-44d.fr\/?page_id=326"},"modified":"2026-04-10T15:04:49","modified_gmt":"2026-04-10T13:04:49","slug":"agenda-2","status":"publish","type":"page","link":"http:\/\/xn--constellationsfamilialesetsystmiquesmcgamper-44d.fr\/index.php\/agenda-2\/","title":{"rendered":"Agenda"},"content":{"rendered":"<div class=\"wp-block-image\">\n<figure class=\"alignleft is-resized\"><img loading=\"lazy\" decoding=\"async\" width=\"150\" height=\"150\" src=\"http:\/\/xn--constellationsfamilialesetsystmiquesmcgamper-44d.fr\/wp-content\/uploads\/2019\/06\/20180325_152146-150x150.jpg\" alt=\"\" class=\"wp-image-271\" style=\"width:37px;height:37px\" srcset=\"http:\/\/xn--constellationsfamilialesetsystmiquesmcgamper-44d.fr\/wp-content\/uploads\/2019\/06\/20180325_152146-150x150.jpg 150w, http:\/\/xn--constellationsfamilialesetsystmiquesmcgamper-44d.fr\/wp-content\/uploads\/2019\/06\/20180325_152146-300x300.jpg 300w\" sizes=\"(max-width: 150px) 100vw, 150px\" \/><\/figure><\/div>\n\n\n<h4 class=\"wp-block-heading\">Prochaines dates<\/h4>\n\n\n\n<figure class=\"wp-block-table\"><table class=\"has-background has-fixed-layout\" style=\"background-color:#f3f4f5\"><tbody><tr><td><br><strong>Atelier d&#8217;exploration de soi<\/strong><br>Gr\u00e2ce \u00e0 puissance des constellations<br><strong>Vendredi 8 mai 2026<\/strong><br><strong>9h30 \u2013 16h30<\/strong><br>12h30 &#8211; Pic-nic partag\u00e9 <br><br>Anim\u00e9 par Marie-Claire Gamper<strong>\u00a0<\/strong><br>\u00a0Espace &#8220;Bien dans mon \u00eatre&#8221;<br>RD 936 &#8211; V\u00e9z\u00e9nobres<br>\u00a0<br><strong>Explorer, s\u2019unifier, \u00e9clore<\/strong><br>Par les Constellations \u00e0 th\u00e8mes:<br>&#8211; Coeur, corps, mental<br>&#8211; Pass\u00e9, pr\u00e9sent, futur<br>&#8211; Ressources et freins d&#8217;un projet<br>\u00a0<br><strong>Ces constellations permettent \u00e0 chacun des participants, sur une journ\u00e9e, d\u2019avancer sur sa probl\u00e9matique, autant en posant sa propre constellation qu\u2019en repr\u00e9sentant certains aspects des probl\u00e9matiques pos\u00e9es pas les autres participants<\/strong>.<br><br><a href=\"http:\/\/constellationsfamilialesetsystemiquesmcgamper.fr\/\">http:\/\/constellationsfamilialesetsystemiquesmcgamper.fr\/<\/a><br>\u00a0\u00a0\u00a0\u00a0<br><strong>Tarif journ\u00e9e: 80\u20ac<\/strong><br><strong>Derni\u00e8re limite d&#8217;inscriptions jeudi 12\/<\/strong>03<br><br>Au plaisir de vous accueillir !<br><strong>Renseignements et inscriptions<\/strong><br>Marie-Claire Gamper<br><strong>06 03 92 61 55<\/strong><br><a href=\"mailto:meleteclio@gmail.com\"><strong>meleteclio@gmail.com<\/strong><\/a><br><br><br><br><\/td><td><br>Toute l&#8217;ann\u00e9e sur rendez-vous:<br><strong>Constellations individuelles<br>Th\u00e9rapies personnalis\u00e9es<br><\/strong>Et<br><strong>Tirage \u00ab&nbsp;de l\u2019ombre \u00e0 la lumi\u00e8re&nbsp;\u00bb<\/strong><br><br>Gr\u00e2ce \u00e0 ce tirage, vous irez \u00e0 la rencontre de ce qui bloque ou freine l\u2019\u00e9volution de votre \u00catre ou d&#8217;un projet sp\u00e9cifique. Gr\u00e2ce \u00e0 vos prises de conscience, vous vous connecterez \u00e0 vos richesses int\u00e9rieures n\u00e9cessaires pour mettre en place les changements b\u00e9n\u00e9fiques.<br>Pour ce tirage, j\u2019utiliserai des cartes sp\u00e9cifiques et vous guiderai. <br>&nbsp;Cette s\u00e9ance dure entre 1h15 et 1h30, en pr\u00e9sentiel \u00e0 Saint-Geni\u00e8s de Malgoir\u00e8s.<br><br><strong>Tarifs s\u00e9ances individuelles&nbsp;: 70\u20ac<\/strong><br><br><strong>Renseignements et prise de rendez-vous<\/strong><br>Marie-Claire Gamper<br><strong>06 03 92 61 55<\/strong><br><a href=\"mailto:meleteclio@gmail.com\"><strong>meleteclio@gmail.com<\/strong><\/a><\/td><\/tr><tr><td> <\/td><td><\/td><\/tr><\/tbody><\/table><\/figure>\n","protected":false},"excerpt":{"rendered":"<p>Prochaines dates Atelier d&#8217;exploration de soiGr\u00e2ce \u00e0 puissance des constellationsVendredi 8 mai 20269h30 \u2013 16h3012h30 &#8211; Pic-nic partag\u00e9 Anim\u00e9 par Marie-Claire Gamper\u00a0\u00a0Espace &#8220;Bien dans mon \u00eatre&#8221;RD 936 &#8211; V\u00e9z\u00e9nobres\u00a0Explorer, s\u2019unifier, \u00e9clorePar les Constellations \u00e0 th\u00e8mes:&#8211; Coeur, corps, mental&#8211; Pass\u00e9, pr\u00e9sent, futur&#8211; Ressources et freins d&#8217;un projet\u00a0Ces constellations permettent \u00e0 chacun des participants, sur une journ\u00e9e,&hellip;<\/p>\n","protected":false},"author":1,"featured_media":0,"parent":0,"menu_order":0,"comment_status":"closed","ping_status":"closed","template":"","meta":{"footnotes":""},"_links":{"self":[{"href":"http:\/\/xn--constellationsfamilialesetsystmiquesmcgamper-44d.fr\/index.php\/wp-json\/wp\/v2\/pages\/326"}],"collection":[{"href":"http:\/\/xn--constellationsfamilialesetsystmiquesmcgamper-44d.fr\/index.php\/wp-json\/wp\/v2\/pages"}],"about":[{"href":"http:\/\/xn--constellationsfamilialesetsystmiquesmcgamper-44d.fr\/index.php\/wp-json\/wp\/v2\/types\/page"}],"author":[{"embeddable":true,"href":"http:\/\/xn--constellationsfamilialesetsystmiquesmcgamper-44d.fr\/index.php\/wp-json\/wp\/v2\/users\/1"}],"replies":[{"embeddable":true,"href":"http:\/\/xn--constellationsfamilialesetsystmiquesmcgamper-44d.fr\/index.php\/wp-json\/wp\/v2\/comments?post=326"}],"version-history":[{"count":103,"href":"http:\/\/xn--constellationsfamilialesetsystmiquesmcgamper-44d.fr\/index.php\/wp-json\/wp\/v2\/pages\/326\/revisions"}],"predecessor-version":[{"id":736,"href":"http:\/\/xn--constellationsfamilialesetsystmiquesmcgamper-44d.fr\/index.php\/wp-json\/wp\/v2\/pages\/326\/revisions\/736"}],"wp:attachment":[{"href":"http:\/\/xn--constellationsfamilialesetsystmiquesmcgamper-44d.fr\/index.php\/wp-json\/wp\/v2\/media?parent=326"}],"curies":[{"name":"wp","href":"https:\/\/api.w.org\/{rel}","templated":true}]}}

<div class="wp-block-image">
<figure class="alignleft is-resized"><img loading="lazy" decoding="async" width="150" height="150" src="http://xn--constellationsfamilialesetsystmiquesmcgamper-44d.fr/wp-content/uploads/2019/06/20180325_152146-150x150.jpg" alt="" class="wp-image-271" style="width:37px;height:37px" srcset="http://xn--constellationsfamilialesetsystmiquesmcgamper-44d.fr/wp-content/uploads/2019/06/20180325_152146-150x150.jpg 150w, http://xn--constellationsfamilialesetsystmiquesmcgamper-44d.fr/wp-content/uploads/2019/06/20180325_152146-300x300.jpg 300w" sizes="(max-width: 150px) 100vw, 150px" /></figure></div>


<h4 class="wp-block-heading">Prochaines dates</h4>



<figure class="wp-block-table"><table class="has-background has-fixed-layout" style="background-color:#f3f4f5"><tbody><tr><td><br><strong>Atelier d&#8217;exploration de soi</strong><br>Grâce à puissance des constellations<br><strong>Vendredi 8 mai 2026</strong><br><strong>9h30 – 16h30</strong><br>12h30 &#8211; Pic-nic partagé <br><br>Animé par Marie-Claire Gamper<strong> </strong><br> Espace &#8220;Bien dans mon être&#8221;<br>RD 936 &#8211; Vézénobres<br> <br><strong>Explorer, s’unifier, éclore</strong><br>Par les Constellations à thèmes:<br>&#8211; Coeur, corps, mental<br>&#8211; Passé, présent, futur<br>&#8211; Ressources et freins d&#8217;un projet<br> <br><strong>Ces constellations permettent à chacun des participants, sur une journée, d’avancer sur sa problématique, autant en posant sa propre constellation qu’en représentant certains aspects des problématiques posées pas les autres participants</strong>.<br><br><a href="http://constellationsfamilialesetsystemiquesmcgamper.fr/">http://constellationsfamilialesetsystemiquesmcgamper.fr/</a><br>    <br><strong>Tarif journée: 80€</strong><br><strong>Dernière limite d&#8217;inscriptions jeudi 12/</strong>03<br><br>Au plaisir de vous accueillir !<br><strong>Renseignements et inscriptions</strong><br>Marie-Claire Gamper<br><strong>06 03 92 61 55</strong><br><a href="mailto:meleteclio@gmail.com"><strong>meleteclio@gmail.com</strong></a><br><br><br><br></td><td><br>Toute l&#8217;année sur rendez-vous:<br><strong>Constellations individuelles<br>Thérapies personnalisées<br></strong>Et<br><strong>Tirage «&nbsp;de l’ombre à la lumière&nbsp;»</strong><br><br>Grâce à ce tirage, vous irez à la rencontre de ce qui bloque ou freine l’évolution de votre Être ou d&#8217;un projet spécifique. Grâce à vos prises de conscience, vous vous connecterez à vos richesses intérieures nécessaires pour mettre en place les changements bénéfiques.<br>Pour ce tirage, j’utiliserai des cartes spécifiques et vous guiderai. <br>&nbsp;Cette séance dure entre 1h15 et 1h30, en présentiel à Saint-Geniès de Malgoirès.<br><br><strong>Tarifs séances individuelles&nbsp;: 70€</strong><br><br><strong>Renseignements et prise de rendez-vous</strong><br>Marie-Claire Gamper<br><strong>06 03 92 61 55</strong><br><a href="mailto:meleteclio@gmail.com"><strong>meleteclio@gmail.com</strong></a></td></tr><tr><td> </td><td></td></tr></tbody></table></figure>

<p>Prochaines dates Atelier d&#8217;exploration de soiGrâce à puissance des constellationsVendredi 8 mai 20269h30 – 16h3012h30 &#8211; Pic-nic partagé Animé par Marie-Claire Gamper  Espace &#8220;Bien dans mon être&#8221;RD 936 &#8211; Vézénobres Explorer, s’unifier, éclorePar les Constellations à thèmes:&#8211; Coeur, corps, mental&#8211; Passé, présent, futur&#8211; Ressources et freins d&#8217;un projet Ces constellations permettent à chacun des participants, sur une journée,&hellip;</p>
